 divided by 109533.
347
Calculate the remainder when 17754 is divided by 23.
21
What is the remainder when 274909 is divided by 2431?
206
What is the remainder when 47416734 is divided by 227?
66
Calculate the remainder when 257603 is divided by 11700.
203
Calculate the remainder when 3396887 is divided by 5887.
88
Calculate the remainder when 1175544 is divided by 416.
344
Calculate the remainder when 1430900 is divided by 3641.
3628
What is the remainder when 4213599 is divided by 100?
99
Calculate the remainder when 1485548 is divided by 336.
92
Calculate the remainder when 280923 is divided by 21560.
643
Calculate the remainder when 114552009 is divided by 129000.
9
What is the remainder when 5627 is divided by 234?
11
What is the remainder when 6715823 is divided by 9?
5
What is the remainder when 55037 is divided by 54622?
415
What is the remainder when 2056131 is divided by 5384?
4827
What is the remainder when 4992424 is divided by 38?
22
What is the remainder when 6682758 is divided by 406?
404
Calculate the remainder when 230816 is divided by 229791.
1025
Calculate the remainder when 1371858 is divided by 99.
15
Calculate the remainder when 5555419 is divided by 50967.
16
Calculate the remainder when 1462788 is divided by 14341.
6
What is the remainder when 542294 is divided by 541864?
430
Calculate the remainder when 2331 is divided by 2237.
94
What is the remainder when 2083985 is divided by 3231?
3221
What is the remainder when 27254548 is divided by 184?
100
What is the remainder when 21348 is divided by 599?
383
What is the remainder when 2023387 is divided by 202338?
7
What is the remainder when 3928484 is divided by 92?
84
What is the remainder when 648044 is divided by 4628?
124
What is the remainder when 171799 is divided by 3333?
1816
What is the remainder when 1359426 is divided by 3568?
18
Calculate the remainder when 10713865 is divided by 163.
38
What is the remainder when 444729178 is divided by 476?
474
Calculate the remainder when 2483689 is divided by 522.
13
What is the remainder when 210651 is divided by 3187?
309
Calculate the remainder when 1767788 is divided by 30479.
6
What is the remainder when 138890748 is divided by 1232?
1228
What is the remainder when 2388746 is divided by 9479?
38
What is the remainder when 16561556 is divided by 74?
60
Calculate the remainder when 1347851 is divided by 2791.
2589
Calculate the remainder when 27621215 is divided by 78026.
11
What is the remainder when 350700 is divided by 4676?
0
Calculate the remainder when 154527 is divided by 365.
132
Calculate the remainder when 2758360 is divided by 689578.
48
What is the remainder when 106812667 is divided by 53406317?
33
What is the remainder when 20064169 is divided by 58667?
55
What is the remainder when 12414753 is divided by 1551843?
9
What is the remainder when 3773247 is divided by 543?
483
What is the remainder when 124208636 is divided by 640?
636
What is the remainder when 22759155 is divided by 802?
801
Calculate the remainder when 11069 is divided by 10.
9
Calculate the remainder when 763560 is divided by 763542.
18
What is the remainder when 66253 is divided by 66235?
18
Calculate the remainder when 83429 is divided by 80181.
3248
What is the remainder when 8567258 is divided by 1930?
1918
Calculate the remainder when 128193830 is divided by 2158.
2156
What is the remainder when 2480473 is divided by 38?
23
Calculate the remainder when 291705958 is divided by 42.
40
Calculate the remainder when 41396 is divided by 177.
155
What is the remainder when 5848 is divided by 3339?
2509
What is the remainder when 6776 is divided by 3691?
3085
What is the remainder when 168629 is divided by 118?
7
What is the remainder when 1230110 is divided by 1861?
1850
Calculate the remainder when 863046 is divided by 43147.
106
What is the remainder when 5018812 is divided by 51?
4
Calculate the remainder when 29905 is divided by 1357.
51
Calculate the remainder when 14830 is divided by 2966.
0
What is the remainder when 13967207 is divided by 41?
24
What is the remainder when 54809 is divided by 27315?
179
Calculate the remainder when 1660033 is divided by 1238.
1113
Calculate the remainder when 81748503 is divided by 406.
403
Calculate the remainder when 26496 is divided by 3984.
2592
Calculate the remainder when 10978846 is divided by 155.
41
Calculate the remainder when 851944 is divided by 141.
22
What is the remainder when 19438669 is divided by 88?
85
Calculate the remainder when 37296 is divided by 4265.
3176
What is the remainder when 16252181 is divided by 812609?
1
What is the remainder when 39507098 is divided by 230?
228
What is the remainder when 7365727 is divided by 1841131?
1203
What is the remainder when 128987 is divided by 452?
167
What is the remainder when 24353053 is divided by 573?
553
What is the remainder when 17335515 is divided by 47?
35
What is the remainder when 16549 is divided by 858?
247
Calculate the remainder when 1003754 is divided by 55.
4
Calculate the remainder when 89471 is divided by 179.
150
What is the remainder when 1608048 is divided by 94591?
1
What is the remainder when 14472 is divided by 4627?
591
What is the remainder when 11194961 is divided by 671?
668
Calculate the remainder when 7243 is divided by 1205.
13
Calculate the remainder when 563759 is divided by 1027.
963
What is the remainder when 117556 is divided by 224?
180
What is the remainder when 12497561 is divided by 3874?
37
Calculate the remainder when 7326297 is divided by 152631.
9
What is the remainder when 27174 is divided by 2453?
191
What is the remainder when 28570 is divided by 3162?
112
Calculate the remainder when 503866 is divided by 17995.
6
What is the remainder when 62074563 is divided by 54?
51
Calculate the remainder when 105404373 is divided by 523.
522
Calculate the remainder when 196126 is divided by 169.
86
Calculate the remainder when 1065339 is divided by 20.
19
What is the remainder when 32440383 is divided by 14386?
14339
Calculate the remainder when 69480375 is divided by 435.
0
Calculate the remainder when 273586 is divided by 17082.
274
What is the remainder when 28551066 is divided by 34989?
42
Calculate the remainder when 128944 is divided by 196.
172
What is the remainder when 20568809 is divided by 77912?
41
Calculate the remainder when 53054 is divided by 338.
326
What is the remainder when 154221 is divided by 225?
96
Calculate the remainder when 27008872 is divided by 32.
8
What is the remainder when 3715984 is divided by 14?
6
Calculate the remainder when 522028655 is divided by 408.
407
Calculate the remainder when 160310 is divided by 53306.
392
Calculate the remainder when 11214120 is divided by 1887.
1566
Calculate the remainder when 793917444 is divided by 566.
564
Calculate the remainder when 558595 is divided by 50781.
4
Calculate the remainder when 1652614 is divided by 550857.
43
Calculate the remainder when 663466 is divided by 13267.
116
Calculate the remainder when 3066551 is divided by 1251.
350
Calculate the remainder when 52537 is divided by 346.
291
What is the remainder when 5794 is divided by 303?
37
What is the remainder when 3784703 is divided by 1408?
1407
What is the remainder when 1934941 is divided by 40?
21
What is the remainder when 644365 is divided by 214707?
244
Calculate the remainder when 9773 is divided by 901.
763
What is the remainder when 2633926 is divided by 11?
9
What is the remainder when 259045 is divided by 228?
37
What is the remainder when 11448914 is divided by 1144891?
4
What is the remainder when 12418499 is divided by 1252?
1163
What is the remainder when 32172 is divided by 6236?
992
Calculate the remainder when 380200 is divided by 3116.
48
Calculate the remainder when 280075 is divided by 2015.
2005
Calculate the remainder when 2209167 is divided by 556.
179
What is the remainder when 1830372817 is divided by 5?
2
Calculate the remainder when 5714146 is divided by 58299.
844
Calculate the remainder when 16498528 is divided by 3.
1
What is the remainder when 19179 is divided by 828?
135
What is the remainder when 16038881 is divided by 4009714?
25
Calculate the remainder when 67513 is divided by 65815.
1698
Calculate the remainder when 613029 i